559399 a composite number?
True
Is 817697581 a composite number?
False
Is 650506579 prime?
False
Is 465119729 a prime number?
True
Is 219591821 composite?
False
Is 5427041729 a prime number?
True
Is 1991528411 a composite number?
False
Is 2577727457 a composite number?
True
Is 704217749 prime?
False
Is 385097773 prime?
False
Is 8876685341 prime?
False
Is 272852123 prime?
True
Is 892251667 a composite number?
False
Is 101613568781 prime?
True
Is 6965517847 a prime number?
True
Is 36358924543 prime?
True
Is 863388289 prime?
True
Is 51647417 prime?
True
Is 71528964131 a prime number?
False
Is 6562111169 a prime number?
False
Is 179530363 a composite number?
True
Is 38377553251 composite?
True
Is 4284609113 a composite number?
True
Is 19614967 a prime number?
False
Is 2625797263 a prime number?
False
Is 55399409129 a prime number?
True
Is 426522071 composite?
False
Is 5469145987 composite?
False
Is 6319983017 a composite number?
False
Is 1105371541 a composite number?
False
Is 6785290181 prime?
True
Is 49589054 prime?
False
Is 156606487 composite?
False
Is 1358232721 prime?
True
Is 16929939229 prime?
False
Is 8787288157 prime?
True
Is 1880936411 composite?
False
Is 22597978037 a prime number?
True
Is 789697015 a prime number?
False
Is 14769487391 a prime number?
True
Is 360445807 composite?
False
Is 816946321 prime?
True
Is 7744969865 composite?
True
Is 35918401373 composite?
False
Is 31512351157 composite?
True
Is 5604777943 composite?
False
Is 3318430499 a composite number?
True
Is 247185383 a composite number?
True
Is 574235317 prime?
False
Is 1024079177 a composite number?
True
Is 185502827 a prime number?
False
Is 33217064129 composite?
False
Is 408234485 composite?
True
Is 2898344251 a prime number?
False
Is 4781708551 a prime number?
False
Is 16469113807 composite?
True
Is 13540283467 prime?
True
Is 20023400998 a composite number?
True
Is 789806333 composite?
False
Is 1813453007 prime?
True
Is 12650992493 a prime number?
False
Is 13746364543 a composite number?
True
Is 82809821509 a prime number?
False
Is 6282939569 a prime number?
True
Is 5149374701 prime?
True
Is 244280495671 composite?
False
Is 111035571641 prime?
False
Is 1906442777 composite?
False
Is 517061213 prime?
False
Is 56438357554 prime?
False
Is 15675492055 prime?
False
Is 11770602683 composite?
True
Is 5893273849 a composite number?
False
Is 833177746 composite?
True
Is 520970993 composite?
True
Is 32476839791 composite?
True
Is 702269891 composite?
False
Is 2815909685 a prime number?
False
Is 53437017929 prime?
True
Is 550866893 composite?
True
Is 26793197 a prime number?
True
Is 95325269371 a prime number?
True
Is 742775491 a composite number?
True
Is 398566433 a composite number?
False
Is 174085465 composite?
True
Is 22642330163 a prime number?
False
Is 54853136066 a prime number?
False
Is 20523250201 a prime number?
True
Is 4012708229 a composite number?
False
Is 21631652607 a prime number?
False
Is 39415667261 prime?
True
Is 81261127 prime?
True
Is 111167730587 composite?
False
Is 17269659377 a composite number?
False
Is 426850807 a composite number?
True
Is 6208321463 a composite number?
True
Is 5583422807 a prime number?
False
Is 565887341 composite?
False
Is 301338833 composite?
False
Is 23949213019 prime?
False
Is 2483698897 a composite number?
False
Is 83252633129 a prime number?
True
Is 781120271 a composite number?
False
Is 2233034215 a composite number?
True
Is 4705765754 composite?
True
Is 2998684141 a composite number?
True
Is 182039279 composite?
True
Is 1800728461 prime?
False
Is 13872929717 a composite number?
False
Is 1593152123 prime?
True
Is 1811470163 composite?
False
Is 3046784837 a composite number?
True
Is 27808832641 a prime number?
False
Is 98415352949 a composite number?
True
Is 5512290573 a prime number?
False
Is 13094682239 composite?
False
Is 13351631897 prime?
True
Is 6162189377 a prime number?
True
Is 42203823323 a composite number?
False
Is 137763001 a composite number?
False
Is 17817808721 a composite number?
False
Is 486917677 a composite number?
True
Is 3899266373 a prime number?
True
Is 878247473 prime?
False
Is 272217733 a prime number?
True
Is 1206853 prime?
False
Is 313352189 prime?
True
Is 422238566 a composite number?
True
Is 52630379 composite?
True
Is 11601890269 composite?
False
Is 936616169 composite?
True
Is 80865778813 prime?
True
Is 10120193441 a prime number?
False
Is 1506643813 a composite number?
False
Is 15036990487 prime?
True
Is 4012429207 composite?
True
Is 1763371451 a composite number?
False
Is 5684371271 a composite number?
True
Is 2222319983 a composite number?
True
Is 564968035 prime?
False
Is 52821193259 a prime number?
True
Is 37638301067 a prime number?
True
Is 1028086841 prime?
True
Is 2686951093 a composite number?
False
Is 65630372287 a composite number?
False
Is 729364589 a prime number?
True
Is 8138157239 prime?
True
Is 19493460163 a prime number?
True
Is 36194659273 composite?
True
Is 53542114583 prime?
True
Is 3081536599 prime?
True
Is 131626259 a composite number?
True
Is 25249292867 a prime number?
True
Is 772285721 composite?
False
Is 891855277 a prime number?
True
Is 783497063 a composite number?
True
Is 42824393219 a composite number?
False
Is 4498077581 a prime number?
True
Is 16926073 a composite number?
True
Is 21788877181 prime?
False
Is 24530558911 a prime number?
True
Is 2507978279 a composite number?
True
Is 6480499781 composite?
True
Is 87939569 a composite number?
False
Is 6277639009 a prime number?
True
Is 21743175329 prime?
True
Is 51664851118 a prime number?
False
Is 51428734715 a composite number?
True
Is 13390577699 a prime number?
True
Is 100865439793 a prime number?
True
Is 1012787341 a prime number?
False
Is 10637460451 a prime number?
True
Is 27778061 composite?
False
Is 21859488589 prime?
True
Is 49217937553 prime?
False
Is 62745872413 a prime number?
False
Is 8365926721 prime?
False
Is 14522572211 prime?
False
Is 5289979918 prime?
False
Is 23661572549 prime?
True
Is 48982758959 a composite number?
True
Is 93815351183 a composite number?
False
Is 3420225269 a prime number?
False
Is 38898234379 prime?
True
Is 1747836281 a composite number?
True
Is 4022616797 a composite number?
True
Is 49211511029 a composite number?
False
Is 535731851 prime?
False
Is 2984182687 composite?
True
Is 191636855 a prime number?
False
Is 587623363 prime?
True
Is 1788074009 a prime number?
True
Is 10678253161 prime?
False
Is 6437304409 a prime number?
True
Is 259978066 composite?
True
Is 45542649587 composite?
False
Is 10788941738 a composite number?
True
Is 15180881057 prime?
False
Is 699759131 prime?
True
Is 1431134087 prime?
True
Is 54214202929 a prime number?
False
Is 1696473167 prime?
True
Is 1922195179 prime?
True
Is 15508846789 a composite number?
False
Is 13051043773 a composite number?
True
Is 263378777 a prime number?
False
Is 591449039 prime?
True
Is 131115450689 composite?
False
Is 1939910459 a composite number?
True
Is 33955343047 a prime number?
False
Is 1230748367 a prime number?
True
Is 3756804367 composite?
False
Is 2182980763 a composite number?
True
Is 69975638179 a composite number?
True
Is 99671789681 prime?
True
Is 6304405337 composite?
True
Is 75381915989 prime?
True
Is 195801004661 prime?
True
Is 26019439273 a prime number?
False
Is 2674774553 composite?
True
Is 2882721599 prime?
False
Is 174413716487 composite?
True
Is 510749 composite?
True
Is 199577167 composite?
False
Is 939752669 prime?
False
Is 9718181261 a prime number?
True
Is 1882238677 prime?
False
Is 16460548813 a composite number?
True
Is 21947603453 composite?
False
Is 636914431 a composite number?
True
Is 15296104013 a composite number?
False
Is 1151650859 a prime number?
False
Is 2368542053 composite?
False
Is 1260829637 composite?
False
Is 240335336641 a composite number?
False
Is 16866594973 composite?
True
Is 55171185373 a prime number?
False
Is 24501747767 prime?
False
Is 98274412391 prime?
True
Is 1363266859 prime?
True
Is 367601888933 a prime number?
True
Is 218389631 a composite number?
True
Is 1881687293 a prime number?
False
Is 2264022433 composite?
False
Is 14063245043 composite?
False
Is 308704049 a composite number?
False
Is 4725160631 a composite number?
False
Is 42560582693 a prime number?
False
Is 